{"id":1813,"date":"2021-03-17T15:14:26","date_gmt":"2021-03-17T15:14:26","guid":{"rendered":"https:\/\/fahrschulegernotmeyer.de\/?page_id=1813"},"modified":"2021-03-22T12:25:45","modified_gmt":"2021-03-22T12:25:45","slug":"impressum","status":"publish","type":"page","link":"https:\/\/fahrschulegernotmeyer.de\/?page_id=1813","title":{"rendered":"Impressum"},"content":{"rendered":"\t\t<div data-elementor-type=\"wp-page\" data-elementor-id=\"1813\" class=\"elementor elementor-1813\" data-elementor-settings=\"[]\">\n\t\t\t\t\t\t\t<div class=\"elementor-section-wrap\">\n\t\t\t\t\t\t\t<section class=\"elementor-section elementor-top-section elementor-element elementor-element-c8ea4ac elementor-section-boxed elementor-section-height-default elementor-section-height-default\" data-id=\"c8ea4ac\" data-element_type=\"section\">\n\t\t\t\t\t\t<div class=\"elementor-container elementor-column-gap-default\">\n\t\t\t\t\t<div class=\"elementor-column elementor-col-100 elementor-top-column elementor-element elementor-element-499baf1\" data-id=\"499baf1\" data-element_type=\"column\">\n\t\t\t<div class=\"elementor-widget-wrap elementor-element-populated\">\n\t\t\t\t\t\t\t\t<div class=\"elementor-element elementor-element-670c93c elementor-widget elementor-widget-text-editor\" data-id=\"670c93c\" data-element_type=\"widget\" data-widget_type=\"text-editor.default\">\n\t\t\t\t<div class=\"elementor-widget-container\">\n\t\t\t\t\t<div class=\"elementor-text-editor elementor-clearfix\"><h1>IMPRESSUM<\/h1><h2>ANGABEN GEM\u00c4SS \u00a7 5 TMG<\/h2><p>Fahrschule Gernot Meyer<\/p><p>Kaiserstra\u00dfe 89<\/p><p>66386 St. Ingbert\u00a0<\/p><h2>Vertreten durch: Gernot Meyer\u00a0<\/h2><h2>Kontakt:<\/h2><table id=\"CM340890712678541417\" class=\"cm_table\"><tbody class=\"cm_table\"><tr class=\"cm_table cm_firstrow\"><td class=\"cm_table cm_firstcol\">Telefon:<\/td><td class=\"cm_table cm_lastcol\">0172 687 40 90<\/td><\/tr><tr class=\"cm_table\"><td class=\"cm_table cm_firstcol\">Telefax:<\/td><td class=\"cm_table cm_lastcol\">\u00a0<\/td><\/tr><tr class=\"cm_table cm_lastrow\"><td class=\"cm_table cm_firstcol\">E-Mail:<\/td><td class=\"cm_table cm_lastcol\">fahrschulegernotmeyer@yahoo.de<\/td><\/tr><\/tbody><\/table><h2>Umsatzsteuer-ID: 085\/248\/02245\u00a0<\/h2><h2>Aufsichtsbeh\u00f6rde: Fahrerlaubnisbeh\u00f6rde Homburg\u00a0<\/h2><h2>Verantwortlich f\u00fcr den Inhalt nach \u00a7 55 Abs. 2 RStV:<\/h2><p><strong>Ute Meyer, Am Nordhang 4, 66386 St, Ingbert<\/strong>\u00a0<\/p><h2>\u00a0<\/h2><h2>STREITSCHLICHTUNG<\/h2><p>Die Europ\u00e4ische Kommission stellt eine Plattform zur Online-Streitbeilegung (OS) bereit:\u00a0<a class=\"noSwipe\" href=\"https:\/\/ec.europa.eu\/consumers\/odr\" target=\"_blank\" rel=\"noopener noreferrer\">https:\/\/ec.europa.eu\/consumers\/odr<\/a>.<br \/>Unsere E-Mail-Adresse finden Sie oben im Impressum.<\/p><p>Wir sind nicht bereit oder verpflichtet, an Streitbeilegungsverfahren vor einer Verbraucherschlichtungsstelle teilzunehmen.<\/p><h3>\u00a0<\/h3><h3>HAFTUNG F\u00dcR INHALTE<\/h3><p>Als Diensteanbieter sind wir gem\u00e4\u00df \u00a7 7 Abs.1 TMG f\u00fcr eigene Inhalte auf diesen Seiten nach den allgemeinen Gesetzen verantwortlich. Nach \u00a7\u00a7 8 bis 10 TMG sind wir als Diensteanbieter jedoch nicht verpflichtet, \u00fcbermittelte oder gespeicherte fremde Informationen zu \u00fcberwachen oder nach Umst\u00e4nden zu forschen, die auf eine rechtswidrige T\u00e4tigkeit hinweisen.<\/p><p>Verpflichtungen zur Entfernung oder Sperrung der Nutzung von Informationen nach den allgemeinen Gesetzen bleiben hiervon unber\u00fchrt. Eine diesbez\u00fcgliche Haftung ist jedoch erst ab dem Zeitpunkt der Kenntnis einer konkreten Rechtsverletzung m\u00f6glich. Bei Bekanntwerden von entsprechenden Rechtsverletzungen werden wir diese Inhalte umgehend entfernen.<\/p><h3>\u00a0<\/h3><h3>HAFTUNG F\u00dcR LINKS<\/h3><p>Unser Angebot enth\u00e4lt Links zu externen Websites Dritter, auf deren Inhalte wir keinen Einfluss haben. Deshalb k\u00f6nnen wir f\u00fcr diese fremden Inhalte auch keine Gew\u00e4hr \u00fcbernehmen. F\u00fcr die Inhalte der verlinkten Seiten ist stets der jeweilige Anbieter oder Betreiber der Seiten verantwortlich. Die verlinkten Seiten wurden zum Zeitpunkt der Verlinkung auf m\u00f6gliche Rechtsverst\u00f6\u00dfe \u00fcberpr\u00fcft. Rechtswidrige Inhalte waren zum Zeitpunkt der Verlinkung nicht erkennbar.<\/p><p>Eine permanente inhaltliche Kontrolle der verlinkten Seiten ist jedoch ohne konkrete Anhaltspunkte einer Rechtsverletzung nicht zumutbar. Bei Bekanntwerden von Rechtsverletzungen werden wir derartige Links umgehend entfernen.<\/p><h3>\u00a0<\/h3><h3>URHEBERRECHT<\/h3><p>Die durch die Seitenbetreiber erstellten Inhalte und Werke auf diesen Seiten unterliegen dem deutschen Urheberrecht. Die Vervielf\u00e4ltigung, Bearbeitung, Verbreitung und jede Art der Verwertung au\u00dferhalb der Grenzen des Urheberrechtes bed\u00fcrfen der schriftlichen Zustimmung des jeweiligen Autors bzw. Erstellers. Downloads und Kopien dieser Seite sind nur f\u00fcr den privaten, nicht kommerziellen Gebrauch gestattet.<\/p><p>Soweit die Inhalte auf dieser Seite nicht vom Betreiber erstellt wurden, werden die Urheberrechte Dritter beachtet. Insbesondere werden Inhalte Dritter als solche gekennzeichnet. Sollten Sie trotzdem auf eine Urheberrechtsverletzung aufmerksam werden, bitten wir um einen entsprechenden Hinweis. Bei Bekanntwerden von Rechtsverletzungen werden wir derartige Inhalte umgehend entfernen.<\/p><p>Quelle:\u00a0<a class=\"noSwipe\" href=\"https:\/\/www.e-recht24.de\/impressum-generator.html\">https:\/\/www.e-recht24.de\/impressum-generator.html<\/a><\/p><\/div>\n\t\t\t\t<\/div>\n\t\t\t\t<\/div>\n\t\t\t\t\t<\/div>\n\t\t<\/div>\n\t\t\t\t\t\t\t<\/div>\n\t\t<\/section>\n\t\t\t\t\t\t<\/div>\n\t\t\t\t\t<\/div>\n\t\t","protected":false},"excerpt":{"rendered":"<p>IMPRESSUM ANGABEN GEM\u00c4SS \u00a7 5 TMG Fahrschule Gernot Meyer Kaiserstra\u00dfe 89 66386 St. Ingbert\u00a0 Vertreten durch: Gernot Meyer\u00a0 Kontakt: Telefon: 0172 687 40 90 Telefax: \u00a0 E-Mail: fahrschulegernotmeyer@yahoo.de Umsatzsteuer-ID: 085\/248\/02245\u00a0 Aufsichtsbeh\u00f6rde: Fahrerlaubnisbeh\u00f6rde Homburg\u00a0 Verantwortlich f\u00fcr den Inhalt nach \u00a7 55 Abs. 2 RStV: Ute Meyer, Am Nordhang 4, 66386 St, Ingbert\u00a0 \u00a0 STREITSCHLICHTUNG Die Europ\u00e4ische &hellip;<\/p>\n<p class=\"read-more\"> <a class=\"\" href=\"https:\/\/fahrschulegernotmeyer.de\/?page_id=1813\"> <span class=\"screen-reader-text\">Impressum<\/span> Weiterlesen &raquo;<\/a><\/p>\n","protected":false},"author":1,"featured_media":0,"parent":0,"menu_order":0,"comment_status":"closed","ping_status":"closed","template":"","meta":{"footnotes":""},"class_list":["post-1813","page","type-page","status-publish","hentry"],"_links":{"self":[{"href":"https:\/\/fahrschulegernotmeyer.de\/index.php?rest_route=\/wp\/v2\/pages\/1813","targetHints":{"allow":["GET"]}}],"collection":[{"href":"https:\/\/fahrschulegernotmeyer.de\/index.php?rest_route=\/wp\/v2\/pages"}],"about":[{"href":"https:\/\/fahrschulegernotmeyer.de\/index.php?rest_route=\/wp\/v2\/types\/page"}],"author":[{"embeddable":true,"href":"https:\/\/fahrschulegernotmeyer.de\/index.php?rest_route=\/wp\/v2\/users\/1"}],"replies":[{"embeddable":true,"href":"https:\/\/fahrschulegernotmeyer.de\/index.php?rest_route=%2Fwp%2Fv2%2Fcomments&post=1813"}],"version-history":[{"count":7,"href":"https:\/\/fahrschulegernotmeyer.de\/index.php?rest_route=\/wp\/v2\/pages\/1813\/revisions"}],"predecessor-version":[{"id":1895,"href":"https:\/\/fahrschulegernotmeyer.de\/index.php?rest_route=\/wp\/v2\/pages\/1813\/revisions\/1895"}],"wp:attachment":[{"href":"https:\/\/fahrschulegernotmeyer.de\/index.php?rest_route=%2Fwp%2Fv2%2Fmedia&parent=1813"}],"curies":[{"name":"wp","href":"https:\/\/api.w.org\/{rel}","templated":true}]}}